{"id":213,"date":"2025-07-25T04:27:32","date_gmt":"2025-07-25T04:27:32","guid":{"rendered":"https:\/\/abogadosmf.com\/?page_id=213"},"modified":"2025-12-01T18:57:39","modified_gmt":"2025-12-01T18:57:39","slug":"historia","status":"publish","type":"page","link":"https:\/\/abogadosmf.com\/?page_id=213","title":{"rendered":"Historia"},"content":{"rendered":"\t\t<div data-elementor-type=\"wp-page\" data-elementor-id=\"213\" class=\"elementor elementor-213\" data-elementor-post-type=\"page\">\n\t\t\t\t\t\t<section class=\"elementor-section elementor-top-section elementor-element elementor-element-9256dca elementor-section-boxed elementor-section-height-default elementor-section-height-default\" data-id=\"9256dca\" data-element_type=\"section\">\n\t\t\t\t\t\t<div class=\"elementor-container elementor-column-gap-default\">\n\t\t\t\t\t<div class=\"elementor-column elementor-col-100 elementor-top-column elementor-element elementor-element-297d62a\" data-id=\"297d62a\" data-element_type=\"column\">\n\t\t\t<div class=\"elementor-widget-wrap elementor-element-populated\">\n\t\t\t\t\t\t<div class=\"elementor-element elementor-element-5163768 de_scroll_animation_no elementor-widget elementor-widget-heading\" data-id=\"5163768\" data-element_type=\"widget\" data-widget_type=\"heading.default\">\n\t\t\t\t\t<h2 class=\"elementor-heading-title elementor-size-default\">Historia<\/h2>\t\t\t\t<\/div>\n\t\t\t\t\t<\/div>\n\t\t<\/div>\n\t\t\t\t\t<\/div>\n\t\t<\/section>\n\t\t\t\t<section class=\"elementor-section elementor-top-section elementor-element elementor-element-bf7aef6 elementor-section-boxed elementor-section-height-default elementor-section-height-default\" data-id=\"bf7aef6\" data-element_type=\"section\">\n\t\t\t\t\t\t<div class=\"elementor-container elementor-column-gap-default\">\n\t\t\t\t\t<div class=\"elementor-column elementor-col-50 elementor-top-column elementor-element elementor-element-78a4141\" data-id=\"78a4141\" data-element_type=\"column\">\n\t\t\t<div class=\"elementor-widget-wrap elementor-element-populated\">\n\t\t\t\t\t\t<div class=\"elementor-element elementor-element-b9e7e7f de_scroll_animation_no elementor-widget elementor-widget-text-editor\" data-id=\"b9e7e7f\" data-element_type=\"widget\" data-widget_type=\"text-editor.default\">\n\t\t\t\t\t\t\t\t\t<p>En el a\u00f1o 2009, \u00e9poca en que el socio fundador decidi\u00f3 emprender el desaf\u00edo de ejercer la profesi\u00f3n en forma liberal, creando nuestra oficina para la prestaci\u00f3n de servicios legales en las \u00e1reas jur\u00eddicas vinculadas a sus especialidades profesionales y acad\u00e9micas.<\/p><p>El paso de los a\u00f1os en el ejercicio profesional ha permitido ir incorporando a la oficina nuevos especialistas en diversos campos de derecho, entre ellos, Reorganizaci\u00f3n, Emprendimiento y\/o Liquidaci\u00f3n de Empresas, Derecho Registral, Laboral, Consumidores y usuarios.<\/p><p>Nuestra actual etapa de crecimiento nos ha entregado la oportunidad de incorporarnos en la prestaci\u00f3n de servicios profesionales en conjunto con oficinas de abogados en Espa\u00f1a, Brasil, Argentina, Colombia y Paraguay, quienes nos han honrado con elegirnos como partners en juicios y asesor\u00edas multinacionales.<\/p>\t\t\t\t\t\t\t\t<\/div>\n\t\t\t\t<section class=\"elementor-section elementor-inner-section elementor-element elementor-element-a31cdb8 elementor-section-boxed elementor-section-height-default elementor-section-height-default\" data-id=\"a31cdb8\" data-element_type=\"section\">\n\t\t\t\t\t\t<div class=\"elementor-container elementor-column-gap-default\">\n\t\t\t\t\t<div class=\"elementor-column elementor-col-100 elementor-inner-column elementor-element elementor-element-dc72a7b\" data-id=\"dc72a7b\" data-element_type=\"column\">\n\t\t\t<div class=\"elementor-widget-wrap\">\n\t\t\t\t\t\t\t<\/div>\n\t\t<\/div>\n\t\t\t\t\t<\/div>\n\t\t<\/section>\n\t\t\t\t<div class=\"elementor-element elementor-element-7e3e07e de_scroll_animation_no elementor-widget elementor-widget-image\" data-id=\"7e3e07e\" data-element_type=\"widget\" data-widget_type=\"image.default\">\n\t\t\t\t\t\t\t\t\t\t\t\t\t\t\t<img fetchpriority=\"high\" decoding=\"async\" width=\"500\" height=\"500\" src=\"https:\/\/abogadosmf.com\/wp-content\/uploads\/2025\/09\/oficina_optimizada.png\" class=\"attachment-large size-large wp-image-967\" alt=\"Oficina MF Abogados\" srcset=\"https:\/\/abogadosmf.com\/wp-content\/uploads\/2025\/09\/oficina_optimizada.png 500w, https:\/\/abogadosmf.com\/wp-content\/uploads\/2025\/09\/oficina_optimizada-300x300.png 300w, https:\/\/abogadosmf.com\/wp-content\/uploads\/2025\/09\/oficina_optimizada-150x150.png 150w\" sizes=\"(max-width: 500px) 100vw, 500px\" \/>\t\t\t\t\t\t\t\t\t\t\t\t\t\t\t<\/div>\n\t\t\t\t\t<\/div>\n\t\t<\/div>\n\t\t\t\t<div class=\"elementor-column elementor-col-50 elementor-top-column elementor-element elementor-element-d576c8a\" data-id=\"d576c8a\" data-element_type=\"column\">\n\t\t\t<div class=\"elementor-widget-wrap elementor-element-populated\">\n\t\t\t\t\t\t<section class=\"elementor-section elementor-inner-section elementor-element elementor-element-399a75f elementor-section-boxed elementor-section-height-default elementor-section-height-default\" data-id=\"399a75f\" data-element_type=\"section\">\n\t\t\t\t\t\t<div class=\"elementor-container elementor-column-gap-default\">\n\t\t\t\t\t<div class=\"elementor-column elementor-col-100 elementor-inner-column elementor-element elementor-element-ff56f65\" data-id=\"ff56f65\" data-element_type=\"column\">\n\t\t\t<div class=\"elementor-widget-wrap\">\n\t\t\t\t\t\t\t<\/div>\n\t\t<\/div>\n\t\t\t\t\t<\/div>\n\t\t<\/section>\n\t\t\t\t<div class=\"elementor-element elementor-element-563a34a de_scroll_animation_no elementor-widget elementor-widget-text-editor\" data-id=\"563a34a\" data-element_type=\"widget\" data-widget_type=\"text-editor.default\">\n\t\t\t\t\t\t\t\t\t<p>A pesar de nuestro r\u00e1pido crecimiento confirmamos nuestra convicci\u00f3n de continuar siendo una oficina de atenci\u00f3n directa y personalizada. Integrada por un equipo de profesionales j\u00f3venes y vinculados a las actividades acad\u00e9micas como docentes en nuestra respectivas \u00e1reas de especializaci\u00f3n y continuar en la entrega de servicios legales de calidad en un contexto emp\u00e1tica con el conflicto que nos conf\u00edan nuestros representados<\/p><p>Nuestra \u201cVisi\u00f3n\u201d es ser un grupo de profesionales que ofrece asesor\u00edas legales en litigios reconocidos por los clientes por entregar un servicio de calidad, especializado, serio, personalizado y confiable.<\/p><p>Reconocemos como \u00abMisi\u00f3n\u00bb ser un equipo de profesionales especialistas y comprometidos con las personas que requieren de asesor\u00eda jur\u00eddica. Nuestro inter\u00e9s es responder a tiempo y en forma manteniendo los m\u00e1s altos niveles de calidad, confianza, transparencia y responsabilidad.<\/p>\t\t\t\t\t\t\t\t<\/div>\n\t\t\t\t\t<\/div>\n\t\t<\/div>\n\t\t\t\t\t<\/div>\n\t\t<\/section>\n\t\t\t\t<\/div>\n\t\t","protected":false},"excerpt":{"rendered":"<p>Historia En el a\u00f1o 2009, \u00e9poca en que el socio fundador decidi\u00f3 emprender el desaf\u00edo de ejercer la profesi\u00f3n en forma liberal, creando nuestra oficina para la prestaci\u00f3n de servicios legales en las \u00e1reas jur\u00eddicas vinculadas a sus especialidades profesionales y acad\u00e9micas. El paso de los a\u00f1os en el ejercicio profesional ha permitido ir incorporando [&hellip;]<\/p>\n","protected":false},"author":1,"featured_media":0,"parent":0,"menu_order":0,"comment_status":"closed","ping_status":"closed","template":"","meta":{"site-sidebar-layout":"no-sidebar","site-content-layout":"","ast-site-content-layout":"full-width-container","site-content-style":"default","site-sidebar-style":"default","ast-global-header-display":"","ast-banner-title-visibility":"","ast-main-header-display":"","ast-hfb-above-header-display":"","ast-hfb-below-header-display":"","ast-hfb-mobile-header-display":"","site-post-title":"disabled","ast-breadcrumbs-content":"","ast-featured-img":"disabled","footer-sml-layout":"","theme-transparent-header-meta":"","adv-header-id-meta":"","stick-header-meta":"","header-above-stick-meta":"","header-main-stick-meta":"","header-below-stick-meta":"","astra-migrate-meta-layouts":"default","ast-page-background-enabled":"default","ast-page-background-meta":{"desktop":{"background-color":"var(--ast-global-color-5)","background-image":"","background-repeat":"repeat","background-position":"center center","background-size":"auto","background-attachment":"scroll","background-type":"","background-media":"","overlay-type":"","overlay-color":"","overlay-opacity":"","overlay-gradient":""},"tablet":{"background-color":"","background-image":"","background-repeat":"repeat","background-position":"center center","background-size":"auto","background-attachment":"scroll","background-type":"","background-media":"","overlay-type":"","overlay-color":"","overlay-opacity":"","overlay-gradient":""},"mobile":{"background-color":"","background-image":"","background-repeat":"repeat","background-position":"center center","background-size":"auto","background-attachment":"scroll","background-type":"","background-media":"","overlay-type":"","overlay-color":"","overlay-opacity":"","overlay-gradient":""}},"ast-content-background-meta":{"desktop":{"background-color":"var(--ast-global-color-4)","background-image":"","background-repeat":"repeat","background-position":"center center","background-size":"auto","background-attachment":"scroll","background-type":"","background-media":"","overlay-type":"","overlay-color":"","overlay-opacity":"","overlay-gradient":""},"tablet":{"background-color":"var(--ast-global-color-4)","background-image":"","background-repeat":"repeat","background-position":"center center","background-size":"auto","background-attachment":"scroll","background-type":"","background-media":"","overlay-type":"","overlay-color":"","overlay-opacity":"","overlay-gradient":""},"mobile":{"background-color":"var(--ast-global-color-4)","background-image":"","background-repeat":"repeat","background-position":"center center","background-size":"auto","background-attachment":"scroll","background-type":"","background-media":"","overlay-type":"","overlay-color":"","overlay-opacity":"","overlay-gradient":""}},"footnotes":""},"class_list":["post-213","page","type-page","status-publish","hentry"],"_links":{"self":[{"href":"https:\/\/abogadosmf.com\/index.php?rest_route=\/wp\/v2\/pages\/213","targetHints":{"allow":["GET"]}}],"collection":[{"href":"https:\/\/abogadosmf.com\/index.php?rest_route=\/wp\/v2\/pages"}],"about":[{"href":"https:\/\/abogadosmf.com\/index.php?rest_route=\/wp\/v2\/types\/page"}],"author":[{"embeddable":true,"href":"https:\/\/abogadosmf.com\/index.php?rest_route=\/wp\/v2\/users\/1"}],"replies":[{"embeddable":true,"href":"https:\/\/abogadosmf.com\/index.php?rest_route=%2Fwp%2Fv2%2Fcomments&post=213"}],"version-history":[{"count":133,"href":"https:\/\/abogadosmf.com\/index.php?rest_route=\/wp\/v2\/pages\/213\/revisions"}],"predecessor-version":[{"id":1118,"href":"https:\/\/abogadosmf.com\/index.php?rest_route=\/wp\/v2\/pages\/213\/revisions\/1118"}],"wp:attachment":[{"href":"https:\/\/abogadosmf.com\/index.php?rest_route=%2Fwp%2Fv2%2Fmedia&parent=213"}],"curies":[{"name":"wp","href":"https:\/\/api.w.org\/{rel}","templated":true}]}}